 - 7*b**2 - 3. Calculate d(u).
-3
Let a(n) = n**3 + 3*n**2 + n. Let y(u) = u**2 + 21*u + 41. Let w be y(-19). Suppose w*m = 2*i - 1, 5*m + 3*i + i + 31 = 0. What is a(m)?
-3
Let r = -3751 + 3749. Let s(m) = -3*m**2 + 4*m + 17. Determine s(r).
-3
Let j(r) = 7*r**3 + 13*r**2 + 20*r - 27. Let h(t) = 6*t**3 + 14*t**2 + 22*t - 29. Let k(w) = -6*h(w) + 5*j(w). Give k(-17).
5
Let z(h) = -5*h + 3. Suppose -119 = -2*s + 9. Suppose 44 - s = -5*j. Suppose -q = -j*n + 16, -5*q + 1 = n - 3. What is z(n)?
-17
Let m(v) = -v**3 + 22*v**2 - 2*v + 45. Suppose 844*a = 842*a + 44. Give m(a).
1
Let l(r) = -1745*r + r**3 - 9*r**2 - 2 + 3549*r - 1802*r. Determine l(9).
16
Let g(s) = s**3 - 2*s**2 - 2. Let y(m) = 6*m**3 - 5*m**2 - 4*m - 14. Let v(z) = 4*g(z) - y(z). Let j be v(-2). Let o(p) = -2*p + 3. Calculate o(j).
-1
Let y be (-3 - -11 - 425/51)/((-4)/(-24)). Let w(u) = u**3 - u**2 - 4*u. What is w(y)?
-4
Let h = -22 + 30. Suppose -2*x - h*x = 60. Let w(y) = 2*y + 1. What is w(x)?
-11
Let r(y) = y**2 + 4 + 0*y**2 + 2 - 20*y + 27*y. Let x(a) = -5*a**3 - 9*a**2 - 6*a. Let d be x(-3). Let u = d + -76. What is r(u)?
-6
Let n(k) = -k**2 + 5*k + 2. Suppose 9*m - 6642 = -18*m. Let s = 252 - m. Determine n(s).
-4
Let c = 4504 + -4508. Let l(u) = 4*u**3 + 3*u**2 - 6*u - 1. Let s(m) = -7*m**3 - 6*m**2 + 11*m + 1. Let k = 11 - 8. Let d(i) = k*s(i) + 5*l(i). Calculate d(c).
2
Suppose -3*d - 9 = -6, 0 = -3*h - 5*d + 1. Let b be (-1)/(5/50*h). Let s(g) = -g**3 - 4*g**2 + 8*g + 11. Determine s(b).
-4
Suppose -18*c - 24 = -10*c. Let m(w) = 2*w**3 + 2*w**2 + 2*w + 4. What is m(c)?
-38
Let c(l) = 20*l - 40. Let r be c(2). Let f(i) = 10*i**2 + 0*i - 3*i**3 - 6 + 2*i**3 - 3*i + r*i - 5*i. Calculate f(9).
3
Let r(y) be the third derivative of y**6/120 + y**5/15 - 3*y**4/8 + 3*y**3/2 + 160*y**2 - 3*y. Calculate r(-6).
-9
Let g(m) = -m**2 - 5*m + 19. Let o be g(-6). Let t(y) = -16*y**2 + 4*y**2 - 8*y + 9 + o*y**2. Give t(8).
9
Let x(u) = 12*u - 343. Let g be x(29). Let k(a) = -3 + g + a**3 + a + a + 0 - 231*a**2 + 230*a**2. Give k(0).
2
Suppose 3 = -3*n - 3, 0 = 4*z - 3*n - 930. Let w = -232 + z. Let x(h) = -8*h - 2. Calculate x(w).
6
Let u be 4*(-5)/60*-6. Let k(r) = 8 - 4*r - 9 + r**u - 3. Give k(4).
-4
Let m(g) = 20 + 0*g - 43*g - 3*g**2 + 14*g + g**2. Give m(-15).
5
Let y(q) = -5*q - 3. Let r be y(-1). Suppose 0 = r*l - 2, 2 = 2*g - 3*g + 2*l. Let t(v) = 4*v**2 + g - v**2 + 1 + v. What is t(-1)?
3
Let t(b) = -b**2 + 1181*b + 1224*b - 3660*b - 143 + 1203*b. What is t(-49)?
4
Let h be 4*1 + 1*168/(-6). Let d be ((-184)/h + -7)/((-2)/3). Let j(n) = -4*n**2 - 2*n - 1. What is j(d)?
-3
Let z(c) be the first derivative of 4*c**3/3 + 13*c**2/2 - 25*c + 3402. Determine z(-5).
10
Let z(w) = -4*w + 2. Let g(q) = 31*q - 121. Let c(l) = -g(l) + 3*z(l). Determine c(3).
-2
Let z be -5*(5 + -1)*(-80)/50. Let q = -39 + z. Let v(p) = -4*p - 28. Let o be v(q). Let c(w) = w**2 - w - 19. What is c(o)?
-19
Let g(v) = 0 - 7 - 160*v + 154*v - 3*v**2 + 2*v**2. Give g(-3).
2
Suppose 4 = -l - 4. Let p(w) = -13*w - 20 + 80*w - 71*w. Determine p(l).
12
Let t be ((-16)/12)/((-6)/(-9)) - -2. Suppose t = -7*p - 74 + 32. Let r(a) = a**2 + 5*a - 1. Calculate r(p).
5
Let b(y) be the first derivative of y**3/3 + 15*y**2 + 173*y + 4179. Give b(-22).
-3
Suppose -5*x + 4*t - 7 = -6*x, 3*t + 11 = -4*x. Let d(m) = -3*m - 4. Determine d(x).
11
Let v(j) = 12*j**2 - 73*j**3 - j - 7 + 62*j**3 - j**2. Let d(s) = -9*s**3 + 11*s**2 - s - 8. Let r(u) = 6*d(u) - 5*v(u). What is r(-11)?
-2
Suppose 0 = -2*y + 5*r + 13, -7*y + 44 = -3*y - 4*r. Let b(o) = -82*o - 22. Let p(c) = 29*c + 7. Let d(i) = -6*b(i) - 17*p(i). Give d(y).
-1
Let f(y) be the second derivative of 3*y + 1/12*y**4 - 3 + 7/3*y**3 + 3*y**2. What is f(-14)?
6
Let w(q) = q**3 + 3*q**2 - 3*q + 3. Suppose 7*t + 8 = 8*t. Suppose 0 = 2*f - 5*a - 2, 0*f + 2*a = -f - t. Give w(f).
-1
Let n(m) be the third derivative of m**4/3 - 271*m**3/6 - m**2 + 27*m + 29. Give n(35).
9
Suppose 4*j = -5*p + 16, 3*j = 2*p - 0 + 12. Suppose -3*z = 2*x - 13, 0 = 3*x - p*x + 5*z - 22. Let m(c) = 34*c**2. Calculate m(x).
34
Let y(x) = 11*x + 24. Suppose -685 - 1636 = 211*a. Calculate y(a).
-97
Let b(t) = -t**2 - 23*t - 74. Let k = 6248 + -6267. Determine b(k).
2
Let s be ((-1144)/(-32) - -3) + (-3)/(-12). Suppose -7*f - 11 = -s. Let r(a) = -a**3 + 6*a**2 - 4*a - 5. Determine r(f).
11
Let d(y) = -2*y**2 - 22*y + 266. Let g(m) = m**2 + 11*m - 118. Let l(v) = 4*d(v) + 9*g(v). Give l(-3).
-22
Let s(l) = -283 + 0*l - 6*l + 92 + 96 + 89. Calculate s(-1).
0
Let f be 5/((-234)/(-27) + -9). Let m(h) = 9*h + 142. Calculate m(f).
7
Let s(n) be the first derivative of -1/3*n**3 + 9*n + 3 - 1/6*n**4 - 1/2*n**2. Let c(k) be the first derivative of s(k). Determine c(2).
-13
Let l(w) = 8*w**3 + w**2 - 1. Let n(z) = -z**3 - 21*z**2 - 16*z - 834. Let q be n(-22). Determine l(q).
67
Let t(x) be the first derivative of -x**3/3 + 13*x**2/2 + 4*x + 394. Determine t(14).
-10
Let z = -8497 + 8503. Let m(n) = -n**2 + 45. Determine m(z).
9
Suppose 117*v - 122*v - 5*i = 30, -6 = 4*v - 5*i. Let b(f) = 21*f + 3. Give b(v).
-81
Let j be (-1 + 4 - 1) + -2. Let h(b) = 28197*b**3 + b - 16 - b - 28198*b**3 - 19 + b. Determine h(j).
-35
Let l(j) be the first derivative of -j**3 + 23*j**2/2 - 1766. Calculate l(8).
-8
Suppose -4*l + 0*l + 4 = 0. Let m(n) = 5*n - 57. Let j be m(12). Let p(h) = -4*h + j*h + 9*h**2 + 2*h. What is p(l)?
10
Let a(l) = 3*l - 4*l + 5*l + 3*l. Let k(c) = 32*c + 573. Let y be k(-18). Give a(y).
-21
Let p be 1*25*(-2 - -4). Let i = p - 48. Let m(x) = x. Let l(y) = y**2 + 5*y. Let b(j) = i*m(j) + l(j). Give b(-4).
-12
Let d(o) = 7*o + 58. Suppose -v - 40 = -32. Give d(v).
2
Let g(f) = -114*f + 49. Let i(c) = -206*c + 96. Let x(h) = 9*g(h) - 5*i(h). What is x(9)?
-3
Let m(u) = -u**2 - 7*u. Let d be 5/5*-1 - 1*-14. Let s = -1 + 4. Suppose -2*b = -s*k - d, b - 33 = 5*k - 9. Determine m(k).
10
Suppose -11 = -5*r + 2*q, 11*r - 12*r + 2*q - 1 = 0. Let b(o) = o**3 - 5*o**2 + 6. Determine b(r).
-12
Let u(z) = 11*z + 8. Suppose 34*j - 155 = 194*j + 165. Determine u(j).
-14
Let r(j) = 57*j + 792. Let o be r(-14). Let m(k) = k. Let y(v) = -v + 1. Let u(w) = -6*m(w) - 5*y(w). Give u(o).
1
Suppose -8*y + 1 = -7. Let a be (14/42)/(y/(-45)). Let v be 0*(a/(-9) - 2). Let k(r) = -r**3 - r**2 + r + 6. What is k(v)?
6
Let c(l) = l - 15 + 0 + 6 + 3. Let m(k) = -2*k - 2. Let n be m(-4). Suppose p - 3 = -4*b, n*b + 15 = 5*b + 5*p. Calculate c(b).
-6
Let n(q) = -q - 1. Suppose -4*m = -5*a + 17, -3*m - 14 + 10 = -2*a. Suppose -4*f - 56 = a*v, -7*v + 4*f - 16 = -3*v. Calculate n(v).
7
Let o = 56549 - 56555. Suppose 4*w = -3*m - 0*w - 7, -w - 16 = -4*m. Let x(s) = -5*s**2 - 2 + 4*s + s + s**m + 12*s**2. Calculate x(o).
4
Let s(f) = 2*f + 2. Let r be (4 + (-30)/9)*27/6. Let t(d) = -d. Let h(c) = r*s(c) + 4*t(c). Determine h(-5).
-4
Let p(d) be the first derivative of -d**4/4 - d**3/3 + d**2/2 + 2*d + 244. Let b(m) = 12*m**3 - 3*m**2 + 3*m + 10. Let r(u) = b(u) - 5*p(u). Determine r(1).
17
Suppose -18732 = -24*r - 18684. Let z(v) = -2*v + 3. Suppose 3*m + 3 = -3. Let p(h) = 3*h - 3. Let n(l) = m*z(l) - 3*p(l). Give n(r).
-7
Let v(t) = -t + 12*t - 10*t - 11. Determine v(-13).
-24
Let a(n) = n**2 - 2*n - 1. Let k be a(2). Suppose 2*v - 108 - 8 = 0. Let g(q) = 51*q + v*q - 109*q + q**3 + 1. Determine g(k).
0
Suppose -26 = -4*i + 2*h, -3*h = i - 2 - 8. Let p(g) = -g - 5*g + 3*g - i - g. Let o = 25 - 31. What is p(o)?
17
Let n(o) be the third derivative of 1/24*o**4 - 1/6*o**3 + 1/30*o**5 - 80*o**2 + 0*o + 0. Suppose 10 = -5*c + 2*m - m, 2*m - 2 = c. Give n(c).
5
Suppose -4 = -4*t - 16. Let b(q) = -40*q + 6. Suppose 55*g - 75 = 30*g. Let z(l) = -14*l + 2. Let m(x) = g*b(x) - 8*z(x). Determine m(t).
26
Let w(h) = -5*h**2 + 4*h - 3*h + 0*h**3 + 2*h**2 + 5 - h**3. Let z(u) = -63*u**2 - 263*u - 48. Let t be z(-4). What is w(t)?
17
Let m(d) = -d**3 - 77*d**2 - 492*d - 136. Let s be m(-70). Let c(o) = 3*o - 33. Calculate c(s).
-21
Let u(t) = t. Let z(a) = 18 + 16 + 6*a - 33. Let m(g) = 11*u(g) - 2*z(g). Let i be m(-4). Let o(f) = f**2 + 2. Give o(i).
6
Let f(p) = -4*p**2 + p. Suppose 2*z - 4*j = 5*z + 9, z - 2*j - 7 = 0. Suppose -w + 2*a - z = -0*w, 4*a = 4*w. Determine f(w).
-3
Let z(t) be the third derivative of 0*t - 9*t**2 + 1/2*t**3 - 3